{"id":29230,"date":"2025-08-18T15:59:41","date_gmt":"2025-08-18T18:59:41","guid":{"rendered":"https:\/\/crearyte.com\/?post_type=product&#038;p=29230"},"modified":"2025-08-18T15:59:41","modified_gmt":"2025-08-18T18:59:41","slug":"ratona-en-lapacho","status":"publish","type":"product","link":"https:\/\/crearyte.com\/?product=ratona-en-lapacho","title":{"rendered":"Ratona en Lapacho"},"content":{"rendered":"","protected":false},"excerpt":{"rendered":"<p data-start=\"106\" data-end=\"501\">La nobleza del Lapacho se hace presente en cada veta de esta mesa ratona, con tonos profundos y una textura firme que transmiten car\u00e1cter y durabilidad. Su dise\u00f1o simple y robusto, con patas de madera maciza, resalta la fuerza natural de esta especie, ofreciendo una pieza s\u00f3lida y aut\u00e9ntica. Ideal para quienes buscan un mueble funcional, resistente y con la calidez \u00fanica de la madera noble.<\/p>\n","protected":false},"featured_media":29231,"comment_status":"open","ping_status":"closed","template":"","meta":[],"product_brand":[],"product_cat":[37],"product_tag":[],"class_list":{"0":"post-29230","1":"product","2":"type-product","3":"status-publish","4":"has-post-thumbnail","6":"product_cat-ratonas","8":"first","9":"instock","10":"shipping-taxable","11":"product-type-simple"},"_links":{"self":[{"href":"https:\/\/crearyte.com\/index.php?rest_route=\/wp\/v2\/product\/29230","targetHints":{"allow":["GET"]}}],"collection":[{"href":"https:\/\/crearyte.com\/index.php?rest_route=\/wp\/v2\/product"}],"about":[{"href":"https:\/\/crearyte.com\/index.php?rest_route=\/wp\/v2\/types\/product"}],"replies":[{"embeddable":true,"href":"https:\/\/crearyte.com\/index.php?rest_route=%2Fwp%2Fv2%2Fcomments&post=29230"}],"version-history":[{"count":1,"href":"https:\/\/crearyte.com\/index.php?rest_route=\/wp\/v2\/product\/29230\/revisions"}],"predecessor-version":[{"id":29232,"href":"https:\/\/crearyte.com\/index.php?rest_route=\/wp\/v2\/product\/29230\/revisions\/29232"}],"wp:featuredmedia":[{"embeddable":true,"href":"https:\/\/crearyte.com\/index.php?rest_route=\/wp\/v2\/media\/29231"}],"wp:attachment":[{"href":"https:\/\/crearyte.com\/index.php?rest_route=%2Fwp%2Fv2%2Fmedia&parent=29230"}],"wp:term":[{"taxonomy":"product_brand","embeddable":true,"href":"https:\/\/crearyte.com\/index.php?rest_route=%2Fwp%2Fv2%2Fproduct_brand&post=29230"},{"taxonomy":"product_cat","embeddable":true,"href":"https:\/\/crearyte.com\/index.php?rest_route=%2Fwp%2Fv2%2Fproduct_cat&post=29230"},{"taxonomy":"product_tag","embeddable":true,"href":"https:\/\/crearyte.com\/index.php?rest_route=%2Fwp%2Fv2%2Fproduct_tag&post=29230"}],"curies":[{"name":"wp","href":"https:\/\/api.w.org\/{rel}","templated":true}]}}