{"id":29128,"date":"2025-08-09T21:01:45","date_gmt":"2025-08-10T00:01:45","guid":{"rendered":"https:\/\/crearyte.com\/?post_type=product&#038;p=29128"},"modified":"2025-08-23T22:10:44","modified_gmt":"2025-08-24T01:10:44","slug":"mesa-guatambu","status":"publish","type":"product","link":"https:\/\/crearyte.com\/?product=mesa-guatambu","title":{"rendered":"Mesa Guatamb\u00fa"},"content":{"rendered":"","protected":false},"excerpt":{"rendered":"<p>Su calidez natural y el encanto \u00fanico de la madera maciza se combinan en una pieza pensada para reunir. Ideal para almuerzos familiares, cenas con amigos o como protagonista en tu espacio. Cada detalle, desde su veta hasta su estructura s\u00f3lida, est\u00e1 hecho para perdurar y acompa\u00f1ar momentos que importan.<\/p>\n","protected":false},"featured_media":29129,"comment_status":"open","ping_status":"closed","template":"","meta":[],"product_brand":[],"product_cat":[20],"product_tag":[],"class_list":{"0":"post-29128","1":"product","2":"type-product","3":"status-publish","4":"has-post-thumbnail","6":"product_cat-mesas","8":"first","9":"instock","10":"shipping-taxable","11":"product-type-simple"},"_links":{"self":[{"href":"https:\/\/crearyte.com\/index.php?rest_route=\/wp\/v2\/product\/29128","targetHints":{"allow":["GET"]}}],"collection":[{"href":"https:\/\/crearyte.com\/index.php?rest_route=\/wp\/v2\/product"}],"about":[{"href":"https:\/\/crearyte.com\/index.php?rest_route=\/wp\/v2\/types\/product"}],"replies":[{"embeddable":true,"href":"https:\/\/crearyte.com\/index.php?rest_route=%2Fwp%2Fv2%2Fcomments&post=29128"}],"version-history":[{"count":1,"href":"https:\/\/crearyte.com\/index.php?rest_route=\/wp\/v2\/product\/29128\/revisions"}],"predecessor-version":[{"id":29130,"href":"https:\/\/crearyte.com\/index.php?rest_route=\/wp\/v2\/product\/29128\/revisions\/29130"}],"wp:featuredmedia":[{"embeddable":true,"href":"https:\/\/crearyte.com\/index.php?rest_route=\/wp\/v2\/media\/29129"}],"wp:attachment":[{"href":"https:\/\/crearyte.com\/index.php?rest_route=%2Fwp%2Fv2%2Fmedia&parent=29128"}],"wp:term":[{"taxonomy":"product_brand","embeddable":true,"href":"https:\/\/crearyte.com\/index.php?rest_route=%2Fwp%2Fv2%2Fproduct_brand&post=29128"},{"taxonomy":"product_cat","embeddable":true,"href":"https:\/\/crearyte.com\/index.php?rest_route=%2Fwp%2Fv2%2Fproduct_cat&post=29128"},{"taxonomy":"product_tag","embeddable":true,"href":"https:\/\/crearyte.com\/index.php?rest_route=%2Fwp%2Fv2%2Fproduct_tag&post=29128"}],"curies":[{"name":"wp","href":"https:\/\/api.w.org\/{rel}","templated":true}]}}